l(q) = -7*q - 13. What is the units digit of l(-10)?
7
Let r(h) = 16*h - 1. Let s be r(1). Suppose 3*y + 0*q = 4*q - s, 0 = -y + q - 6. Let t(g) = g**2 + 7*g - 13. What is the units digit of t(y)?
5
Let n(j) = -14*j + 6. What is the units digit of n(-6)?
0
What is the units digit of 8/(4*5/20)?
8
Let n = 17 - 30. Let t = n - -22. What is the units digit of t?
9
Let y(n) = n**2 + 11. What is the units digit of y(6)?
7
Let z(l) = -2*l**3 + 2*l**2 - 4. Let s be z(-3). Suppose -2*c - 2*c = -s. What is the units digit of c?
7
Let v = 4 + -1. Suppose -h - 3*i = -9, -5*h - 2*i + 35 = v*i. What is the units digit of h?
6
Let r = -9 + 11. Suppose b - 24 = 3*q, -8 = -r*b + 2*q + 20. What is the units digit of b?
9
Suppose 3*w = 73 - 4. What is the tens digit of w?
2
Let t(s) = s**3 - 12*s**2 + 9*s - 19. What is the tens digit of t(12)?
8
Let d(m) = 2*m**2 + 2*m - 3. Let j(g) = 1. Let h(s) = -s**2 + 2*s + 6. Let x(r) = h(r) - 4*j(r). Let c be x(2). What is the units digit of d(c)?
9
Let t(d) = d**2 + 3*d + 4. Let q(i) = -1. Suppose 5*l + 7 = 22. Let k(u) = l*q(u) + t(u). What is the units digit of k(-4)?
5
Let k(v) be the second derivative of v**5/20 + v**4/12 - 4*v**3/3 - v**2 - 3*v. What is the units digit of k(-3)?
4
Let g be -1*1*(-3)/3. Suppose 15 = 4*c - g. Suppose 4*i - 58 = -5*m - 10, c*i = 8. What is the units digit of m?
8
Let i = 101 - 45. Suppose -2*j = -5*h - 13 + 92, -4*h + 4*j + i = 0. What is the tens digit of h?
1
What is the tens digit of 35*(0 + 0 - -1)?
3
Let o be ((-4)/10)/((-1)/5). Suppose -6 - 10 = -o*w. What is the units digit of w?
8
Let x(m) = m**3 - 9*m**2 + m - 5. What is the units digit of x(9)?
4
Let g be (6/4)/(8/160). Let u = g + -18. Suppose 2*l = 8 + u. What is the units digit of l?
0
Suppose 0 = 10*h - 5*h - 1090. What is the tens digit of h?
1
Let c(w) = 17*w + 2. Let g be c(-1). What is the units digit of (-1351)/(-35) + (-6)/g?
9
Suppose 2 = -2*g + 3*g, 5*g = 2*d + 2. Suppose -2*z + 10 = -4. Suppose d*q = z + 5. What is the units digit of q?
3
Let m(j) be the second derivative of -j**3/3 - 3*j**2 - 2*j. Suppose 2*n + f - 21 = 6*n, 15 = 3*f. What is the units digit of m(n)?
2
Let c(j) = j**3 - 7*j**2 + 4*j + 3. Let z be c(6). Let v(x) = -x**3 - 5*x**2 + 4*x + 3. Let l be v(-6). Let b = l + z. What is the units digit of b?
6
Let k = 10 + -6. Suppose -36 = -0*t - k*t. What is the units digit of t?
9
Let u(w) = w**2 - 7*w - 8. Let f be u(8). Suppose f = 6*r - 2*r - 4. What is the units digit of r?
1
Let h = -19 + 80. What is the units digit of h?
1
Let g be 1119/(-12) + 6/(-8). What is the units digit of g/(-18) - (-2)/(-9)?
5
Let a(v) = 40 + v**3 - 11*v**2 - 12*v - 2*v**3 - 28. What is the tens digit of a(-10)?
3
Suppose -6*u + 616 = 2*u. What is the tens digit of u?
7
What is the tens digit of ((-24)/(-28))/(((-6)/140)/(-3))?
6
Let h be 1/1 - (-4 + 5). Suppose x + f - 6 = 0, -2*x - x = f - 20. Suppose h = -2*p + x*p - 5. What is the units digit of p?
1
Let f(l) = -l**3 - 6*l**2 + 7*l - 4. What is the units digit of f(-8)?
8
Let q(k) = 15*k**2 + 4*k - 5. What is the units digit of q(2)?
3
Let u be 15*-1*9/(-15). Let k = u - -1. Suppose 0 = -p + k - 2. What is the units digit of p?
8
Suppose -3*t + 4*t = 117. What is the hundreds digit of t?
1
What is the units digit of (-4)/(-28) + (-34)/(-7)?
5
Suppose -5*k = -332 - 8. What is the tens digit of k?
6
Suppose 5*c + 3*i - 2*i - 14 = 0, 5*c = 3*i + 18. Suppose -v - v = -6. Suppose 0 = -c*n - o + 2 + v, 3*o + 3 = -3*n. What is the units digit of n?
3
What is the tens digit of 3*514/48 - (-2)/(-16)?
3
Let q(t) = 19*t + 5. What is the units digit of q(2)?
3
Suppose 8*q = 3*q. Suppose -m + 5*m + 92 = q. Let f = m + 35. What is the tens digit of f?
1
Suppose 4*f - 133 = 79. Let p = f - 32. What is the tens digit of p?
2
Suppose -6*j = 5*j - 2684. What is the units digit of j?
4
Suppose -4*a - 5*n + 300 = -0*a, 0 = -a - 2*n + 78. Let s be (-3)/(-2)*140/(-15). What is the tens digit of 20/a - 304/s?
2
Suppose -5 = -4*d - 1. What is the units digit of d?
1
Let x(t) be the second derivative of t**7/2520 + t**6/360 - t**5/120 - t**4/12 - t. Let p(z) be the third derivative of x(z). What is the units digit of p(-4)?
7
Let h = 6 + 0. Let s(v) = 2*v**2 - 7*v - 2. What is the tens digit of s(h)?
2
Let m be (-2 - 2/(-1))/(-1). Let v = 1 - m. What is the units digit of v?
1
Let o(u) = u + 5. Let a be o(-4). Let c = 6 + a. What is the units digit of c?
7
Suppose 4*c + 5*w + 34 = 225, w + 221 = 4*c. Suppose n - c = -n. What is the tens digit of n?
2
Suppose 27*j = 7*j + 160. What is the units digit of j?
8
Let m be (10 + -19)*(-4)/18. Suppose 0 = 3*p - 5*p + 8. Suppose -18 = l - 5*o, m*l - p*o = -0*l - 12. What is the units digit of l?
2
Let x(j) = -j**2 - 6*j + 8. Let z(f) = -5*f**2 - 25*f + 33. Let p(h) = 9*x(h) - 2*z(h). Let m = 10 - 6. What is the units digit of p(m)?
6
Suppose 0 = -2*o + 4*o - 10. Suppose o*n - 2*c = 2*c + 73, 2*n - 49 = -5*c. Suppose 8 = -3*f + n. What is the units digit of f?
3
Let j(r) = -r**3 + 7*r**2 - 6*r - 3. Suppose 5*d - 5*g = 25, -2*d - 3*d - 5*g = -25. What is the tens digit of j(d)?
1
Let f = 0 + 0. Let l = -29 + 44. Suppose -3*m + l + 0 = f. What is the units digit of m?
5
Suppose 95 = n - 4*z - 3313, 16 = -4*z. What is the units digit of n/112 - (-2)/(-7)?
0
Let r = -95 + 171. What is the units digit of r?
6
Let h = 4 + -8. Let o be 170/45 - h/18. Suppose -4*b = -o*f - 12, b = -2*f - 2*f + 23. What is the units digit of b?
7
Suppose 5 = x - 4*w + 3, 0 = 3*x + w - 45. Let m be (-2)/(-7) + (-32)/x. What is the units digit of 3 + (m - -1) + 2?
4
Suppose -5*r - 2*j - 20 = 0, -4*j = -0*r - 4*r - 44. What is the units digit of (-8)/r - 2/6?
1
Let g(x) = -2*x - 1. Let z(s) = -s. Let f(n) = -2*g(n) + 3*z(n). Let j be f(-2). Suppose j*l + 18 = 2*l. What is the units digit of l?
9
Let l(z) be the first derivative of 7*z**3/3 - z**2/2 - 4*z - 1. Let m be l(3). Let v = -39 + m. What is the tens digit of v?
1
Let c(n) = n**2 - 2*n - 2. Let r be c(4). Let a = r - 1. Suppose 0 = -a*k + 5*f + 15, -f + 4 - 2 = 0. What is the units digit of k?
5
Suppose -5*a - 2*a + 147 = 0. What is the tens digit of a?
2
Suppose 0 = -4*f - 0*f + 116. What is the tens digit of f?
2
Let k = 5 + 1. Let w be 158/6 - 2/k. Suppose -5*s - 4*y = -51, -2*s + 8 = 5*y - w. What is the units digit of s?
7
Let g(q) = q**3 - 6*q**2 + q - 3. Let p be g(6). Suppose 2 - 1 = i, 4*i = -5*u + 4. Suppose -p*d = -3 - u. What is the units digit of d?
1
Let r = 42 + -14. Let j = -11 + r. What is the units digit of j?
7
Let n(b) = 8*b - 55. What is the units digit of n(18)?
9
Suppose 0 = -4*u - 0 + 12. Suppose 2*r = -2*d + 34, -u*r + 50 = -d + 11. What is the tens digit of r?
1
Let s(l) = -l**2 - 10*l - 6. Let t be s(-9). Suppose -3*w + u = -6, -t*u + 3 = -2*w - 0*u. What is the units digit of w?
3
Let o(x) = x**2 + 0 + 4*x + 2 - 2*x + 0. Suppose -i = 0, -9 = 3*g - 2*i - i. What is the units digit of o(g)?
5
Suppose 0 = 3*k + 15, -k - 650 = -3*n - 0*n. What is the hundreds digit of n?
2
Let p = -33 + 51. What is the units digit of p?
8
Let g be ((-20)/3)/(2/(-6)). Suppose 3*q - 5*q = -g. What is the tens digit of q?
1
What is the tens digit of (-387)/(-6)*8/6?
8
Let n be 3/(-1) + (3 - -3). Suppose -n*b - 44 = -x, -x - b = 3*b - 44. What is the tens digit of x?
4
What is the tens digit of (-7)/2*(-500)/35?
5
Let p = -32 - -23. What is the units digit of 6/27 + (-133)/p?
5
Let j(n) = n - 6. Let h be j(6). Suppose h = 2*w - 22 - 10. What is the tens digit of w?
1
Let n(v) be the second derivative of v**3 - 2*v**2 + 4*v. What is the tens digit of n(3)?
1
Suppose 4*z + 188 = 6*z. What is the tens digit of z?
9
Suppose -17*s = -3*s - 3556. What is the hundreds digit of s?
2
Suppose -4*w - w = 0. Suppose 5*y + 1 + 4 = w. Let j = y - -5. What is the units digit of j?
4
Suppose y - 11 + 3 = 0. What is the units digit of y?
8
What is the units digit of -77*(-3 - -2) + -2?
5
Suppose 2*i + 6 = -2*k, 3*i + 9 = 5*k - 8. Suppose -4 = -5*p + k. What is the units digit of p?
1
Let a(m) = m + 18. Let p be a(-9). Suppose -4*t - p = 7. Let h(k) = k**3 + 6*k**2 + 4*k - 3. What is the tens digit of h(t)?
1
Let b = -109 + 205. What is the units digit of b?
6
Let u = -4 + 20. What is the units digit of u?
6
Let q(r) be the second d